hat is the remainder when 207 is divided by z?
103
Let v = -801 + 801. Suppose v = 37*n - 28*n - 225. What is the remainder when 39 is divided by n?
14
Let a(y) = -38 - 5 - 11*y + 6 + 30*y. Calculate the remainder when a(12) is divided by 39.
35
Let y(m) be the third derivative of -1/120*m**6 + 1/15*m**5 + 0 + 13/24*m**4 - 1/2*m**3 + 0*m - 9*m**2. What is the remainder when y(5) is divided by 13?
11
Let u = 21431 - 21411. Suppose -4*v = -0*v - 188. What is the remainder when v is divided by u?
7
Suppose 27*g - 10*g - 17 = 0. What is the remainder when 84 + 11 + g + 0 is divided by 14?
12
Let s = -49 - -851. What is the remainder when 1608 is divided by s?
4
Let o be (-1575)/(-18)*(1 + 1). Suppose -7 = -4*c + 9, 3*f - 5*c - o = 0. What is the remainder when f is divided by 23?
19
Let h = 224 + -156. What is the remainder when h is divided by (-696)/(-232)*(-70)/(-6)?
33
Suppose -8*i = 8*i - 11*i. Suppose i*a - 5 = -2*f - 3*a, 0 = 5*f - 4*a - 47. Calculate the remainder when 46 is divided by f.
4
Suppose 3*w + w = 148. Let a(y) = -y**2 - 12*y - 27. Let i be a(-10). Let c(j) = -13*j - 81. Calculate the remainder when w is divided by c(i).
7
Suppose -3*s - 467 = -q, -4*q - 7*s + 1718 = -4*s. Calculate the remainder when q is divided by 191/3 + (-4)/6.
59
Let s(x) = x + 5. Let p be s(-3). Suppose -8 = -p*v + 18. Let g = 143349 + -143317. Calculate the remainder when g is divided by v.
6
Suppose 174 = t - 4. Let n = 252 - t. Suppose -4*g + n = -18. Calculate the remainder when 65 is divided by g.
19
Suppose 12522 = 2730*m - 2724*m. What is the remainder when m is divided by 9?
8
Let u = 0 + 75. Let s(m) = 3*m**2 - 1. Let b be s(-3). Suppose 13*v = 11*v + b. Calculate the remainder when u is divided by v.
10
Suppose 0 = -4*o - 3*w + 352, -o - 3*w = -2*o + 88. Suppose 5*n - 137 = o. Calculate the remainder when 178 is divided by n.
43
Let y = -147 - -175. Suppose f = -23 + y. What is the remainder when 34 is divided by f?
4
Let h(u) be the third derivative of -u**4/3 - 32*u**3 - u**2 - 18*u. Calculate the remainder when 157 is divided by h(-28).
29
Suppose -i - 28 + 6 = 4*w, 0 = 3*i - 4*w + 2. Calculate the remainder when 82 is divided by (i - (9 - 7))/(2/(-8)).
18
Suppose 3*i = -4*g + 75, -4*i + 5*i = -4*g + 17. Calculate the remainder when (3/((-6)/(-188)))/1 is divided by -3 + 4 + -1 + -5 + i.
22
Suppose -20*c + 1044 = 404. Let n = 30 - 18. Calculate the remainder when c is divided by n.
8
Let m(l) = l**2 - 2*l + 9. Let k be m(0). Let u be 1 - (k/3 + -27). Let a = u + -21. Calculate the remainder when 16 is divided by a.
0
Let k(z) = -4*z**3 - 9*z**2 - 5*z + 7. Let l(n) = -n**3 - n**2 + 1. Let f(i) = k(i) - 5*l(i). What is the remainder when f(8) is divided by 13?
10
Let b(r) be the second derivative of -r**5/5 - 5*r**4/12 - r**3/6 + 3*r**2 + 2*r - 3. Calculate the remainder when 76 is divided by b(-2).
16
Suppose -5*o - 72 + 342 = 0. Let h be -5 - (-4 + 24 + -4). Let y = 7 - h. What is the remainder when o is divided by y?
26
Let y = 3637 + -3519. Calculate the remainder when 211 is divided by y.
93
Calculate the remainder when (84/462)/(1/7469) is divided by 11.
5
Suppose -3*b = -10*b + 133. Let n(z) = z + 6 - 13 - 2*z**2 + b*z**3 + 8. What is the remainder when 35 is divided by n(1)?
16
Let h(f) = -521*f + 3161. Calculate the remainder when 85 is divided by h(6).
15
Let z(l) = l**3 + 5*l**2 - 14*l + 5. Let w be z(-7). Suppose w*v + d = 60, 2*d - 60 = 5*v - 10*v. What is the remainder when 21 is divided by v?
9
Let u = -65 + 80. Let h = u + 1. What is the remainder when 111 is divided by h?
15
Suppose -308 = -6*f - 470. Calculate the remainder when (2/(-3))/((f + 15)/2916) is divided by 11.
8
Let n(d) be the third derivative of d**5/12 + d**3/2 + 5*d**2. Let g(y) = y**2 + 30*y - 10. Calculate the remainder when n(4) is divided by g(-31).
20
Let a(u) = 77*u + 7956. Calculate the remainder when a(-95) is divided by 163.
152
Let c = -61 - -122. Suppose -30 = -5*l + 2*t, l - 3*l = 5*t + 17. Suppose -21*i = l*i - 800. Calculate the remainder when c is divided by i.
29
Suppose 3*y - 184 = j, -2*y - j + 177 = 46. Let g = 68 - y. Suppose x = -z + 19, 0*z - z = -g*x + 77. Calculate the remainder when 59 is divided by x.
11
Let f(s) = 1680*s - 5829. Calculate the remainder when f(4) is divided by 101.
83
Let g = -9452 + 10410. What is the remainder when g is divided by 319?
1
Let z = -32 - -50. Let d = z - 4. Let a(y) = -1033*y + 2084. Calculate the remainder when a(2) is divided by d.
4
Suppose 0 = -l - 1, -32 = -2*o - l - 17. Calculate the remainder when (-77)/(-2) - 2/4 is divided by o.
6
Let b be (-8)/14 - 120/(-14). Suppose 30 = 5*o + 5*t - 655, -b = 2*t. Calculate the remainder when o is divided by 24.
21
Suppose 74*v - 324 = 38*v. Suppose 2*y + 2*c = 116, -y + v*c - 6*c + 74 = 0. What is the remainder when y is divided by ((-3)/(-9))/(2/78)?
10
Suppose -644 = -3*p - 4*z + 334, z = -p + 326. Let s = -33 - -80. What is the remainder when p is divided by s?
44
Suppose -3*u = 3 - 18. Suppose -5*m = 4*i - 61, -2*m + 4*m = -u*i + 21. Calculate the remainder when 519 is divided by m.
12
Let t = 5 + 127. Let i(p) = -p**3 - 10*p**2 + 61*p + 656. Calculate the remainder when t is divided by i(-10).
40
Let o = 46734 + -45108. Calculate the remainder when o is divided by 1613.
13
Let y(p) = 6*p - 5. Suppose 2*u - 2*j = -6, -2*u + 4 = 4*j - 20. Let i be y(u). Suppose i*a - 4*a = 27. What is the remainder when 11 is divided by a?
2
Let x(f) = -4*f**2 + 63*f - 153. Suppose -5*n = -150 - 45. Calculate the remainder when x(10) is divided by n.
38
Let y(l) = -3*l + 2. Let o be y(-4). Let g(d) = -d**2 + 13*d - 34. Let q be g(9). Suppose -o = q*c - 60. Calculate the remainder when c is divided by 13.
10
Let c = -3383 + 5127. What is the remainder when c is divided by 866?
12
Suppose 19*b + 108 = 98*b - 524. What is the remainder when 2842 is divided by b?
2
Let f be (-177)/(-3) + 1*(-8)/4. Suppose l + 35 = -f. Let d = -59 - l. Calculate the remainder when d is divided by 9.
6
Let d(u) = -u**3 + 19*u**2 - 82*u - 3. Calculate the remainder when 531 is divided by d(10).
69
Suppose -487*s + 34650 = -432*s. What is the remainder when s is divided by 21?
0
Suppose -800*m + 1820 = -748*m. Suppose -t + 72 = -240. What is the remainder when t is divided by m?
32
Let v = 1088 - 858. Suppose 7*p = 21*p - 154. Calculate the remainder when v is divided by p.
10
Let n = -114 - -116. Suppose -w - 5*x = -12, -2*x + 6 = n*w + 2*x. Calculate the remainder when 118 is divided by 10 - (2 + w)*1.
8
Let f = -5373 + 5398. Let k = 123 + -77. Calculate the remainder when k is divided by f.
21
Let u be (-691)/(-7) + (-6)/(-21). Let i = -56 + u. Suppose -2*r = 3*k - i, 10*r - 5*r = -2*k + 124. What is the remainder when r is divided by 9?
8
Suppose 520 = -19*v + 29*v. Let t = 135 - v. What is the remainder when t is divided by 11?
6
Suppose -2*a + 6*a - 38 = 5*d, -5*a - 4*d + 27 = 0. Suppose -2*z + 42 = -a*f + 4*f, -2*z = 2*f - 52. Calculate the remainder when z is divided by 15.
9
Suppose -17*q + 18*q = 4. Suppose -q*u = -3*r + 17, -5*r - 2*u + 0 + 37 = 0. What is the remainder when 18 is divided by r?
4
Let o(s) be the first derivative of -s**2 + 4*s - 3. What is the remainder when o(-3) is divided by 29/5 - (-15)/75?
4
Suppose -608 = -4*i - 4*m, 0 = 3*i + 12*m - 7*m - 466. What is the remainder when 880 is divided by i?
145
Let c = 87 - 81. Suppose n = -c*n + 616. Let g = n + -47. What is the remainder when 161 is divided by g?
38
Suppose 2*x + 4*v = 28, 28 = 2*x - 2*v - 3*v. Calculate the remainder when 83 is divided by x.
13
Let l = 22 + -13. Suppose -48 = -l*b + 654. Calculate the remainder when b is divided by 42.
36
Suppose -848 = -4*g - 4*f, -50*g + 49*g + 4*f + 187 = 0. Calculate the remainder when g is divided by 30.
27
Let v(w) = -4*w**3 + 69*w**2 + 343*w - 9. What is the remainder when v(-5) is divided by 127?
120
Suppose 4*o - 2*c + 6*c = 18400, 3*o - c - 13776 = 0. What is the remainder when o is divided by 40?
34
Suppose -12*u + 217 - 61 = 0. Calculate the remainder when 711 is divided by u.
9
Suppose 5*b + 3*k - 186 = 0, 3*k - 108 = -3*b - 0*k. Let c = -38 - -24. Calculate the remainder when b is divided by (-4)/c - 564/(-84).
4
Let t(m) = -7*m**2 + 208*m - 15. What is the 